-1)?
-13
Let x(r) = 120*r - 3226. What is x(27)?
14
Let z(i) = i**3 - 11*i**2 + 4*i + 21. Calculate z(3).
-39
Let d(x) = -x**3 - 6*x**2 - 16*x - 22. What is d(-5)?
33
Let z(f) = -71*f - 10389. Calculate z(-145).
-94
Let a(j) = -j**3 + 8*j**2 + 26*j - 37. What is a(-6)?
311
Let z(s) = -8*s**2 - 57*s - 12. Give z(-7).
-5
Let c(o) = -o**3 + 18*o**2 - 31*o + 4. Determine c(18).
-554
Let q(a) = -16*a - 103. Determine q(-7).
9
Let g(m) = -m**3 + 28*m**2 + 183*m + 11. What is g(-6)?
137
Let f(y) = y**2 - 60*y - 469. Give f(67).
0
Let i(o) = -6*o**2 + o - 8. What is i(0)?
-8
Let l(c) = 77*c - 12514. What is l(162)?
-40
Let p(t) = -t**2 + 155*t + 5358. Determine p(-29).
22
Let m(g) = -g**3 + 106*g**2 + 8*g - 235. Calculate m(106).
613
Let p(l) = -l**3 - 37*l**2 + 50*l - 1014. What is p(-39)?
78
Let v(b) = -4*b**3 - 64*b**2 + 3*b - 15. Give v(-16).
-63
Let o(h) = 7*h**2 - 68*h + 22. Give o(5).
-143
Let s(w) = 3128*w - 15633. Calculate s(5).
7
Let x(z) = -3320*z - 69716. Determine x(-21).
4
Let c(v) = -2*v + 174. Calculate c(46).
82
Let f(m) = -374*m + 2652. Calculate f(7).
34
Let c(z) = 62*z - 387. Calculate c(8).
109
Let p(w) = 43*w - 1815. Determine p(43).
34
Let q(b) = 459*b + 4137. What is q(-9)?
6
Let k(l) = -2*l**2 + 72*l + 14. Determine k(35).
84
Let u(y) = -y**2 - 27*y + 49. Give u(-30).
-41
Let m(g) = -4*g**3 - 20*g**2 + 18*g + 5. What is m(-7)?
271
Let p(c) = 466*c + 4136. Calculate p(-9).
-58
Let u(j) = -11*j**2 + 26*j + 70. What is u(5)?
-75
Let u(a) = a**2 - 113*a - 830. Calculate u(-7).
10
Let d(b) = -2*b**2 - 8406*b + 42091. Calculate d(5).
11
Let z(l) = -6*l + 34. What is z(-14)?
118
Let l(i) = -i**3 - 18*i**2 - 9*i + 43. Calculate l(-16).
-325
Let t(d) = -d**3 + 12*d**2 + 97*d - 76. Give t(-6).
-10
Let m(o) = -38*o**2 - 7*o + 28. Calculate m(3).
-335
Let p(q) = -74*q + 4445. What is p(61)?
-69
Let n(a) = 775*a + 776. Calculate n(-1).
1
Let x(h) = -105*h - 898. Determine x(-14).
572
Let f(n) = -2*n**3 + 3*n**2 + n - 17. Give f(-2).
9
Let f(c) = -10167*c - 162692. Give f(-16).
-20
Let g(i) = 2*i**2 + 84*i - 13. Give g(-42).
-13
Let d(y) = -y**3 - 22*y**2 - 111*y - 66. What is d(-15)?
24
Let y(s) = 3*s**2 + s + 11. Give y(6).
125
Let g(l) = 10*l - 276. What is g(33)?
54
Let i(l) = -2*l**2 - 34*l - 27. What is i(-13)?
77
Let p(l) = -25*l + 1521. Give p(60).
21
Let g(w) = 3*w**2 + 13*w - 110. What is g(4)?
-10
Let x(p) = 345*p**2 - 15*p - 15. Calculate x(-1).
345
Let v(s) = 32*s + 894. Determine v(-28).
-2
Let n(t) = -86*t + 5633. Give n(65).
43
Let i(q) = 2*q**3 - 68*q**2 - 63. Give i(34).
-63
Let h(f) = -f**2 - 53*f - 576. Give h(-15).
-6
Let x(m) = -2*m**3 - 33*m**2 - 11*m + 182. Determine x(-16).
102
Let i(g) = g**2 - 3*g - 1478. Calculate i(-34).
-220
Let i(h) = -h**3 + 144*h**2 + 59*h - 8509. Determine i(144).
-13
Let h(n) = 25*n**2 - 113*n + 106. Determine h(1).
18
Let u(g) = 4875*g + 29262. Determine u(-6).
12
Let v(s) = -1057*s + 16902. What is v(16)?
-10
Let f(a) = 2*a**3 - 18*a**2 + 14*a - 123. What is f(9)?
3
Let k(c) = c**3 - 13*c**2 - c - 21. Determine k(7).
-322
Let s(t) = -38*t**2 + 28*t + 52. Calculate s(-2).
-156
Let n(w) = 2539*w + 50771. Give n(-20).
-9
Let u(i) = -i**3 - 115*i**2 + 131*i + 1761. Determine u(-116).
21
Let n(b) = -b**3 + 12*b**2 - 138*b + 1193. Give n(10).
13
Let f(q) = -10*q**3 + 54*q**2 + 4*q + 12. Give f(5).
132
Let n(o) = -1497*o - 16461. What is n(-11)?
6
Let b(h) = -h**3 + 67*h**2 - 698*h - 219. Calculate b(54).
-3
Let o(w) = 3*w**2 - 171*w + 1338. Calculate o(9).
42
Let m(k) = 178*k - 633. Calculate m(4).
79
Let r(w) = 41*w - 45. Give r(1).
-4
Let r(h) = -h**3 - 3*h**2 + 33*h + 86. What is r(-6)?
-4
Let o(m) = -222*m + 25. Give o(2).
-419
Let c(v) = -49*v**2 + 493*v - 19. What is c(10)?
11
Let m(v) = -19655*v - 6. Calculate m(0).
-6
Let f(u) = 21*u + 266. Give f(-28).
-322
Let d(c) = 5*c**3 - 8*c**2 + c + 4. Calculate d(2).
14
Let z(g) = -2*g**3 + 9*g**2 + 20*g - 29. Calculate z(9).
-578
Let r(m) = m**3 + 8*m**2 - 32*m + 9. Calculate r(-11).
-2
Let k(n) = -90*n + 1176. What is k(13)?
6
Let t(y) = -3*y**2 + 26*y - 41. Calculate t(8).
-25
Let n(k) = -k**3 - 9*k - 81. Determine n(-6).
189
Let i(t) = t**3 - 6*t**2 - 95*t + 13. What is i(-7)?
41
Let f(d) = -5*d**2 + 5*d - 377. Calculate f(0).
-377
Let k(s) = s**3 + 13*s**2 + 26*s + 390. Determine k(-12).
222
Let n(r) = -r**3 + 40*r**2 - 77*r + 18. Give n(38).
-20
Let p(c) = 2*c**2 - 319*c - 10497. What is p(-28)?
3
Let a(z) = 23*z**3 - 8*z**2 + 27*z - 14. Give a(2).
192
Let q(a) = -a**3 - 15*a**2 + 134*a + 1997. What is q(-12)?
-43
Let u(z) = z**3 + 5*z**2 - 419*z - 2485. Calculate u(-6).
-7
Let j(g) = -g**3 + 18*g**2 - 32*g + 61. What is j(16)?
61
Let z(w) = 4*w**2 + 175*w + 135. What is z(-43)?
6
Let w(c) = 4*c**2 + 63*c + 35. Calculate w(-15).
-10
Let a(b) = 9*b**3 + 38*b**2 - 14. Calculate a(-4).
18
Let z(n) = n**2 + 52*n + 676. Calculate z(-28).
4
Let r(f) = 8*f**3 - 21*f**2 + 16*f - 7. Calculate r(2).
5
Let x(m) = 20*m + 690. What is x(-35)?
-10
Let p(b) = -15558*b + 31124. Determine p(2).
8
Let s(y) = -y**3 + 2*y**2 + 253*y + 409. Determine s(-14).
3
Let l(v) = -150*v - 431. Calculate l(0).
-431
Let r(q) = -11*q**2 - 12*q + 104. What is r(0)?
104
Let g(m) = -3*m**3 - 53*m**2 - 193*m - 3801. Determine g(-18).
-3
Let k(u) = -4*u**3 - 8*u**2 + 49*u - 6. Calculate k(4).
-194
Let a(c) = 6*c**2 - 22*c - 58. What is a(4)?
-50
Let n(j) = j**3 + 14*j**2 + 52*j + 21. Determine n(-6).
-3
Let v(r) = 10*r**2 - r - 30. Give v(5).
215
Let k(v) = -1427*v + 7120. Give k(5).
-15
Let i(q) = 171*q + 1029. Give i(-6).
3
Let b(m) = m**3 + 48*m**2 + 49*m + 2327. Determine b(-48).
-25
Let g(s) = -11*s**3 - 2*s**2 - 69*s + 70. What is g(1)?
-12
Let p(k) = -k**3 + 8*k**2 + 7*k - 34. Determine p(7).
64
Let x(n) = 21*n + 363. What is x(-14)?
69
Let k(l) = 73*l + 14009. Give k(-192).
-7
Let i(a) = -10*a**2 - 773*a - 233. Determine i(-77).
-2
Let w(j) = 79*j + 1499. Give w(-19).
-2
Let d(b) = -319*b + 2249. What is d(7)?
16
Let z(y) = -23*y - 118. What is z(0)?
-118
Let g(h) = h**2 + 16*h + 121. Determine g(-11).
66
Let d(x) = x**2 - 63*x - 402. Determine d(-7).
88
Let r(t) = 44*t + 686. Calculate r(-16).
-18
Let v(r) = 13*r**3 - 27*r**2 + 66*r + 8. Determine v(3).
314
Let m(x) = -x**2 - 171*x - 7000. Calculate m(-68).
4
Let y(a) = -202*a + 1236. What is y(6)?
24
Let p(c) = -c**3 + 39*c**2 - 383*c + 54. What is p(20)?
-6
Let y(l) = 5*l + 241. Give y(23).
356
Let f(q) = 8*q**2 - 31*q - 50. Calculate f(5).
-5
Let u(a) = 34*a - 321. Give u(6).
-117
Let x(a) = -a**3 - 86*a**2 - 249*a - 1. Calculate x(-83).
-1
Let m(r) = 21*r + 1467. Determine m(-73).
-66
Let z(k) = 3*k**3 - 151*k**2 + 44*k + 351. Determine z(50).
51
Let m(u) = 10*u**3 + 516*u**2 - 516*u - 2. Calculate m(1).
8
Let o(b) = 288*b - 2894. Give o(10).
-14
Let u(f) = -f**3 + 21*f**2 - 14*f + 69. Give u(21).
-225
Let m(k) = 16*k + 117. Determine m(-6).
21
Let x(j) = j**2 + 12*j - 122. Give x(9).
67
Let w(j) = j**2 - 9*j + 57. Calculate w(7).
43
Let r(h) = -37764*h - 113285. Give r(-3).
7
Let a(h) = h**3 + 82*h**2 - 166*h + 273. Calculate a(-84).
105
Let s(r) = -6*r**3 - 10*r**2 - 11*r + 14. What is s(-4)?
282
Let y(s) = -937*s - 3714. What is y(-4)?
34
Let g(c) = -2*c**3 + 15*c**2 + 33*c - 54. What is g(-3)?
36
Let h(i) = -2*i**3 - 115*i + 117. Give h(1).
0
Let m(b) = 6*b**3 + 23*b**2 + 4*b + 4. Give m(-4).
-28
Let t(j) = j**2 + 91*j + 2080. Give t(-42).
22
Let q(k) = -2*k**3 + 36*k**2 + 39*k - 7. Give q(19).
12
Let g(p) = -3*p**3 + 39*p**2 + 276*p - 13. Calculate g(18).
95
Let i(w) = -3*w**2 + 48*w - 38. Give i(17).
-89
Let o(v) = v**3 - 41*v**2 + 287*v - 3. Calculate o(32).
-35
Let v(h) = 2*h**2 + 2*h - 744. What is v(19)?
16
Let b(g) = 9*g**3 - 122*g**2 + 78*g - 178. What is b(13)?
-9
Let g(f) = -20*f**2 + 509*f - 211. Give g(25).
14
Let r(k) = -k**3 - 87*k**2 - 1023*k - 56. Give r(-73).
17
Let r(t) = 17*t**2 + 306*t + 3. Determine r(-18).
3
Let o(s) = 4*s**3 + 4*s + 2. Calculate o(0).
2
Let t(k) = 6*k - 22. Give t(32).
170
Let t(n) = -4*n**2 - 19*n + 45. Determine t(7).
-284
Let o(i) = -26*i - 317. Give o(-23).
281
Let v(y) = 36*y - 27. Determine v(-2).
-99
Let d(a) = a**2 - 44*a - 562. What is d(-10)?
-22
Let y(h) = 13*h**2 - 259*h - 15. Determine y(20).
5
Let m(z) = 33*z - 389. Calculate m(12).
7
Let m(o) = -12